{"id":59,"date":"2025-11-10T14:49:36","date_gmt":"2025-11-10T13:49:36","guid":{"rendered":"https:\/\/ranczo3r.maciejkorzeb.pl\/?page_id=59"},"modified":"2026-03-02T16:07:10","modified_gmt":"2026-03-02T15:07:10","slug":"medica-about-us","status":"publish","type":"page","link":"https:\/\/ranczo3r.maciejkorzeb.pl\/?page_id=59","title":{"rendered":"O Ranczo3R"},"content":{"rendered":"\t\t<div data-elementor-type=\"wp-page\" data-elementor-id=\"59\" class=\"elementor elementor-59\" data-elementor-post-type=\"page\">\n\t\t\t\t\t\t<section data-particle_enable=\"false\" data-particle-mobile-disabled=\"false\" class=\"elementor-section elementor-top-section elementor-element elementor-element-5727ca1 elementor-section-stretched elementor-section-height-min-height elementor-section-boxed elementor-section-height-default elementor-section-items-middle\" data-id=\"5727ca1\" data-element_type=\"section\" data-settings=\"{&quot;stretch_section&quot;:&quot;section-stretched&quot;,&quot;background_background&quot;:&quot;gradient&quot;,&quot;shape_divider_top&quot;:&quot;wave-brush&quot;}\">\n\t\t\t\t\t\t\t<div class=\"elementor-background-overlay\"><\/div>\n\t\t\t\t\t\t<div class=\"elementor-shape elementor-shape-top\" aria-hidden=\"true\" data-negative=\"false\">\n\t\t\t<svg xmlns=\"http:\/\/www.w3.org\/2000\/svg\" viewBox=\"0 0 283.5 27.8\" preserveAspectRatio=\"none\">\n\t<path class=\"elementor-shape-fill\" d=\"M283.5,9.7c0,0-7.3,4.3-14,4.6c-6.8,0.3-12.6,0-20.9-1.5c-11.3-2-33.1-10.1-44.7-5.7\ts-12.1,4.6-18,7.4c-6.6,3.2-20,9.6-36.6,9.3C131.6,23.5,99.5,7.2,86.3,8c-1.4,0.1-6.6,0.8-10.5,2c-3.8,1.2-9.4,3.8-17,4.7\tc-3.2,0.4-8.3,1.1-14.2,0.9c-1.5-0.1-6.3-0.4-12-1.6c-5.7-1.2-11-3.1-15.8-3.7C6.5,9.2,0,10.8,0,10.8V0h283.5V9.7z M260.8,11.3\tc-0.7-1-2-0.4-4.3-0.4c-2.3,0-6.1-1.2-5.8-1.1c0.3,0.1,3.1,1.5,6,1.9C259.7,12.2,261.4,12.3,260.8,11.3z M242.4,8.6\tc0,0-2.4-0.2-5.6-0.9c-3.2-0.8-10.3-2.8-15.1-3.5c-8.2-1.1-15.8,0-15.1,0.1c0.8,0.1,9.6-0.6,17.6,1.1c3.3,0.7,9.3,2.2,12.4,2.7\tC239.9,8.7,242.4,8.6,242.4,8.6z M185.2,8.5c1.7-0.7-13.3,4.7-18.5,6.1c-2.1,0.6-6.2,1.6-10,2c-3.9,0.4-8.9,0.4-8.8,0.5\tc0,0.2,5.8,0.8,11.2,0c5.4-0.8,5.2-1.1,7.6-1.6C170.5,14.7,183.5,9.2,185.2,8.5z M199.1,6.9c0.2,0-0.8-0.4-4.8,1.1\tc-4,1.5-6.7,3.5-6.9,3.7c-0.2,0.1,3.5-1.8,6.6-3C197,7.5,199,6.9,199.1,6.9z M283,6c-0.1,0.1-1.9,1.1-4.8,2.5s-6.9,2.8-6.7,2.7\tc0.2,0,3.5-0.6,7.4-2.5C282.8,6.8,283.1,5.9,283,6z M31.3,11.6c0.1-0.2-1.9-0.2-4.5-1.2s-5.4-1.6-7.8-2C15,7.6,7.3,8.5,7.7,8.6\tC8,8.7,15.9,8.3,20.2,9.3c2.2,0.5,2.4,0.5,5.7,1.6S31.2,11.9,31.3,11.6z M73,9.2c0.4-0.1,3.5-1.6,8.4-2.6c4.9-1.1,8.9-0.5,8.9-0.8\tc0-0.3-1-0.9-6.2-0.3S72.6,9.3,73,9.2z M71.6,6.7C71.8,6.8,75,5.4,77.3,5c2.3-0.3,1.9-0.5,1.9-0.6c0-0.1-1.1-0.2-2.7,0.2\tC74.8,5.1,71.4,6.6,71.6,6.7z M93.6,4.4c0.1,0.2,3.5,0.8,5.6,1.8c2.1,1,1.8,0.6,1.9,0.5c0.1-0.1-0.8-0.8-2.4-1.3\tC97.1,4.8,93.5,4.2,93.6,4.4z M65.4,11.1c-0.1,0.3,0.3,0.5,1.9-0.2s2.6-1.3,2.2-1.2s-0.9,0.4-2.5,0.8C65.3,10.9,65.5,10.8,65.4,11.1\tz M34.5,12.4c-0.2,0,2.1,0.8,3.3,0.9c1.2,0.1,2,0.1,2-0.2c0-0.3-0.1-0.5-1.6-0.4C36.6,12.8,34.7,12.4,34.5,12.4z M152.2,21.1\tc-0.1,0.1-2.4-0.3-7.5-0.3c-5,0-13.6-2.4-17.2-3.5c-3.6-1.1,10,3.9,16.5,4.1C150.5,21.6,152.3,21,152.2,21.1z\"\/>\n\t<path class=\"elementor-shape-fill\" d=\"M269.6,18c-0.1-0.1-4.6,0.3-7.2,0c-7.3-0.7-17-3.2-16.6-2.9c0.4,0.3,13.7,3.1,17,3.3\tC267.7,18.8,269.7,18,269.6,18z\"\/>\n\t<path class=\"elementor-shape-fill\" d=\"M227.4,9.8c-0.2-0.1-4.5-1-9.5-1.2c-5-0.2-12.7,0.6-12.3,0.5c0.3-0.1,5.9-1.8,13.3-1.2\tS227.6,9.9,227.4,9.8z\"\/>\n\t<path class=\"elementor-shape-fill\" d=\"M204.5,13.4c-0.1-0.1,2-1,3.2-1.1c1.2-0.1,2,0,2,0.3c0,0.3-0.1,0.5-1.6,0.4\tC206.4,12.9,204.6,13.5,204.5,13.4z\"\/>\n\t<path class=\"elementor-shape-fill\" d=\"M201,10.6c0-0.1-4.4,1.2-6.3,2.2c-1.9,0.9-6.2,3.1-6.1,3.1c0.1,0.1,4.2-1.6,6.3-2.6\tS201,10.7,201,10.6z\"\/>\n\t<path class=\"elementor-shape-fill\" d=\"M154.5,26.7c-0.1-0.1-4.6,0.3-7.2,0c-7.3-0.7-17-3.2-16.6-2.9c0.4,0.3,13.7,3.1,17,3.3\tC152.6,27.5,154.6,26.8,154.5,26.7z\"\/>\n\t<path class=\"elementor-shape-fill\" d=\"M41.9,19.3c0,0,1.2-0.3,2.9-0.1c1.7,0.2,5.8,0.9,8.2,0.7c4.2-0.4,7.4-2.7,7-2.6\tc-0.4,0-4.3,2.2-8.6,1.9c-1.8-0.1-5.1-0.5-6.7-0.4S41.9,19.3,41.9,19.3z\"\/>\n\t<path class=\"elementor-shape-fill\" d=\"M75.5,12.6c0.2,0.1,2-0.8,4.3-1.1c2.3-0.2,2.1-0.3,2.1-0.5c0-0.1-1.8-0.4-3.4,0\tC76.9,11.5,75.3,12.5,75.5,12.6z\"\/>\n\t<path class=\"elementor-shape-fill\" d=\"M15.6,13.2c0-0.1,4.3,0,6.7,0.5c2.4,0.5,5,1.9,5,2c0,0.1-2.7-0.8-5.1-1.4\tC19.9,13.7,15.7,13.3,15.6,13.2z\"\/>\n<\/svg>\t\t<\/div>\n\t\t\t\t\t<div class=\"elementor-container elementor-column-gap-narrow\">\n\t\t\t\t\t<div class=\"elementor-column elementor-col-100 elementor-top-column elementor-element elementor-element-0992b58\" data-id=\"0992b58\" data-element_type=\"column\">\n\t\t\t<div class=\"elementor-widget-wrap elementor-element-populated\">\n\t\t\t\t\t\t<div class=\"elementor-element elementor-element-01dd3b1 elementor-widget elementor-widget-heading\" data-id=\"01dd3b1\" data-element_type=\"widget\" data-widget_type=\"heading.default\">\n\t\t\t\t<div class=\"elementor-widget-container\">\n\t\t\t\t\t<span class=\"elementor-heading-title elementor-size-default\">O Rancho 3R<\/span>\t\t\t\t<\/div>\n\t\t\t\t<\/div>\n\t\t\t\t<div class=\"elementor-element elementor-element-53af627 elementor-widget elementor-widget-image\" data-id=\"53af627\" data-element_type=\"widget\" data-widget_type=\"image.default\">\n\t\t\t\t<div class=\"elementor-widget-container\">\n\t\t\t\t\t\t\t\t\t\t\t\t\t\t\t<img fetchpriority=\"high\" decoding=\"async\" width=\"797\" height=\"691\" src=\"https:\/\/ranczo3r.maciejkorzeb.pl\/wp-content\/uploads\/2025\/11\/ewa-zalewska-unikalna-terapia.png\" class=\"attachment-large size-large wp-image-216\" alt=\"\" srcset=\"https:\/\/ranczo3r.maciejkorzeb.pl\/wp-content\/uploads\/2025\/11\/ewa-zalewska-unikalna-terapia.png 797w, https:\/\/ranczo3r.maciejkorzeb.pl\/wp-content\/uploads\/2025\/11\/ewa-zalewska-unikalna-terapia-300x260.png 300w, https:\/\/ranczo3r.maciejkorzeb.pl\/wp-content\/uploads\/2025\/11\/ewa-zalewska-unikalna-terapia-768x666.png 768w\" sizes=\"(max-width: 797px) 100vw, 797px\" \/>\t\t\t\t\t\t\t\t\t\t\t\t\t\t\t<\/div>\n\t\t\t\t<\/div>\n\t\t\t\t<div class=\"elementor-element elementor-element-79354b0 elementor-widget elementor-widget-text-editor\" data-id=\"79354b0\" data-element_type=\"widget\" data-widget_type=\"text-editor.default\">\n\t\t\t\t<div class=\"elementor-widget-container\">\n\t\t\t\t\t\t\t\t\t<blockquote class=\"!text-neutral-a12\"><p class=\"!text-neutral-a12\">Pracuj\u0119 z doros\u0142ymi dzie\u0107mi i m\u0142odzie\u017c\u0105 a tak\u017ce grupami i rodzinami nad odnajdywaniem rado\u015bci i lekko\u015bci \u017cycia. Ucz\u0119 zdolno\u015bci do odzyskiwania lekko\u015bci kt\u00f3ra wynika z g\u0142\u0119bokiej akceptacji natury \u015bwiata i cz\u0142owieka, oraz w\u0142asnego losu oraz zaciekawienia tym czego do\u015bwiadcza nasze cia\u0142o w otaczaj\u0105cym nas \u015bwiecie i co le\u017cy w autentycznym zasi\u0119gu naszego wp\u0142ywu tak na \u015bwiat jak i nas samych, oraz otwierania si\u0119 na bogactwo kt\u00f3re ma dla nas \u015bwiat po kt\u00f3re boimy si\u0119 nieraz si\u0119gn\u0105\u0107.<\/p><\/blockquote>\t\t\t\t\t\t\t\t<\/div>\n\t\t\t\t<\/div>\n\t\t\t\t\t<\/div>\n\t\t<\/div>\n\t\t\t\t\t<\/div>\n\t\t<\/section>\n\t\t<div data-particle_enable=\"false\" data-particle-mobile-disabled=\"false\" class=\"elementor-element elementor-element-237c91b e-flex e-con-boxed e-con e-parent\" data-id=\"237c91b\" data-element_type=\"container\" data-settings=\"{&quot;background_background&quot;:&quot;classic&quot;}\">\n\t\t\t\t\t<div class=\"e-con-inner\">\n\t\t\t\t\t<\/div>\n\t\t\t\t<\/div>\n\t\t\t\t<section data-particle_enable=\"false\" data-particle-mobile-disabled=\"false\" class=\"elementor-section elementor-top-section elementor-element elementor-element-5dc15c0 elementor-section-stretched elementor-section-boxed elementor-section-height-default elementor-section-height-default\" data-id=\"5dc15c0\" data-element_type=\"section\" data-settings=\"{&quot;stretch_section&quot;:&quot;section-stretched&quot;,&quot;background_background&quot;:&quot;classic&quot;}\">\n\t\t\t\t\t\t<div class=\"elementor-container elementor-column-gap-narrow\">\n\t\t\t\t\t<div class=\"elementor-column elementor-col-100 elementor-top-column elementor-element elementor-element-967f2a9\" data-id=\"967f2a9\" data-element_type=\"column\">\n\t\t\t<div class=\"elementor-widget-wrap elementor-element-populated\">\n\t\t\t\t\t\t<div class=\"elementor-element elementor-element-9ca91a5 elementor-widget elementor-widget-heading\" data-id=\"9ca91a5\" data-element_type=\"widget\" data-widget_type=\"heading.default\">\n\t\t\t\t<div class=\"elementor-widget-container\">\n\t\t\t\t\t<h2 class=\"elementor-heading-title elementor-size-default\">Moje kwalifikacje...<\/h2>\t\t\t\t<\/div>\n\t\t\t\t<\/div>\n\t\t\t\t<div class=\"elementor-element elementor-element-3d880f0 elementor-widget elementor-widget-text-editor\" data-id=\"3d880f0\" data-element_type=\"widget\" data-widget_type=\"text-editor.default\">\n\t\t\t\t<div class=\"elementor-widget-container\">\n\t\t\t\t\t\t\t\t\t<p>Pracuj\u0119 z doros\u0142ymi dzie\u0107mi i m\u0142odzie\u017c\u0105 a tak\u017ce grupami i rodzinami nad odnajdywaniem rado\u015bci i lekko\u015bci \u017cycia. Ucz\u0119 zdolno\u015bci do odzyskiwania lekko\u015bci kt\u00f3ra wynika z g\u0142\u0119bokiej akceptacji natury \u015bwiata i cz\u0142owieka, oraz w\u0142asnego losu oraz zaciekawienia tym czego do\u015bwiadcza nasze cia\u0142o w otaczaj\u0105cym nas \u015bwiecie i co le\u017cy w autentycznym zasi\u0119gu naszego wp\u0142ywu tak na \u015bwiat jak i nas samych, oraz otwierania si\u0119 na bogactwo kt\u00f3re ma dla nas \u015bwiat po kt\u00f3re boimy si\u0119 nieraz si\u0119gn\u0105\u0107.<\/p>\t\t\t\t\t\t\t\t<\/div>\n\t\t\t\t<\/div>\n\t\t\t\t<div class=\"elementor-element elementor-element-35c4ecb elementor-widget-divider--view-line elementor-widget elementor-widget-divider\" data-id=\"35c4ecb\" data-element_type=\"widget\" data-widget_type=\"divider.default\">\n\t\t\t\t<div class=\"elementor-widget-container\">\n\t\t\t\t\t\t\t<div class=\"elementor-divider\">\n\t\t\t<span class=\"elementor-divider-separator\">\n\t\t\t\t\t\t<\/span>\n\t\t<\/div>\n\t\t\t\t\t\t<\/div>\n\t\t\t\t<\/div>\n\t\t\t\t<div class=\"elementor-element elementor-element-89cacd7 elementor-widget elementor-widget-text-editor\" data-id=\"89cacd7\" data-element_type=\"widget\" data-widget_type=\"text-editor.default\">\n\t\t\t\t<div class=\"elementor-widget-container\">\n\t\t\t\t\t\t\t\t\t<p>jestem psychologiem (dyplom z wyr\u00f3\u017cnieniem SWPS 2005), sko\u0144czy\u0142am 4 letnie studia podyplomowe oraz specjalizacj\u0119 z psychologii klinicznej zakonczone egzaminem pa\u0144stwowym zdanym z wyr\u00f3\u017cnieniem w 2015 roku, jestem certyfikowana\u00a0psychoterapeutk\u0105 PTPPd 2017 po czteroletnim ca\u0142o\u015bciowym szkoleniu z psychoterapii psychodynamicznej rekomendowanym przez Polskie Towarzystwo Psychologiczne, superwizorka psychoterapii po deuletniej szkole superwizji w Dolno\u015bl\u0105skim Centrum Psychodynamicznym\u00a02023, facylitatorka rozwoju i terapii w asy\u015bcie koni 2024, a tak\u017ce matk\u0105, partnerka macoch\u0105, i cz\u0142owiekiem takim jak Ty.<\/p><p>\u00a0Ucze tego jak niepomna\u017cac samemu swego cierpienia lub jak mimo cierpienia m\u00f3c do\u015bwiadcza\u0107 rado\u015bci i lekko\u015bci \u017cycia.<\/p><p>Relacyjnosc, autentyczno\u015b\u0107 i akceptacja to kompetencje, kt\u00f3re nadal sama w sobie rozwijam i do rozwoju kt\u00f3rych zapraszam Was tak na terapii psychodynamicznej w gabinecie wcWarszawie i Jan\u00f3wku pod Mszczonowem jak i podczas sesji facylitacji rozwoju i warsztatach oraz terapii w asy\u015bcie koni.<\/p>\t\t\t\t\t\t\t\t<\/div>\n\t\t\t\t<\/div>\n\t\t\t\t\t<\/div>\n\t\t<\/div>\n\t\t\t\t\t<\/div>\n\t\t<\/section>\n\t\t<div data-particle_enable=\"false\" data-particle-mobile-disabled=\"false\" class=\"elementor-element elementor-element-7afa0d0 e-flex e-con-boxed e-con e-parent\" data-id=\"7afa0d0\" data-element_type=\"container\" data-settings=\"{&quot;background_background&quot;:&quot;classic&quot;}\">\n\t\t\t\t\t<div class=\"e-con-inner\">\n\t\t\t\t\t<\/div>\n\t\t\t\t<\/div>\n\t\t\t\t<section data-particle_enable=\"false\" data-particle-mobile-disabled=\"false\" class=\"elementor-section elementor-top-section elementor-element elementor-element-b165e31 elementor-section-boxed elementor-section-height-default elementor-section-height-default\" data-id=\"b165e31\" data-element_type=\"section\">\n\t\t\t\t\t\t<div class=\"elementor-container elementor-column-gap-default\">\n\t\t\t\t\t<div class=\"elementor-column elementor-col-100 elementor-top-column elementor-element elementor-element-2ba1011\" data-id=\"2ba1011\" data-element_type=\"column\">\n\t\t\t<div class=\"elementor-widget-wrap elementor-element-populated\">\n\t\t\t\t\t\t<div class=\"elementor-element elementor-element-0e0a3a9 elementor-widget elementor-widget-heading\" data-id=\"0e0a3a9\" data-element_type=\"widget\" data-widget_type=\"heading.default\">\n\t\t\t\t<div class=\"elementor-widget-container\">\n\t\t\t\t\t<span class=\"elementor-heading-title elementor-size-default\">A co m\u00f3wi\u0105 moi pacjenci?<\/span>\t\t\t\t<\/div>\n\t\t\t\t<\/div>\n\t\t\t\t<div class=\"elementor-element elementor-element-c3388e4 elementor-widget elementor-widget-eael-testimonial-slider\" data-id=\"c3388e4\" data-element_type=\"widget\" data-settings=\"{&quot;items&quot;:{&quot;unit&quot;:&quot;px&quot;,&quot;size&quot;:2,&quot;sizes&quot;:[]},&quot;items_tablet&quot;:{&quot;unit&quot;:&quot;px&quot;,&quot;size&quot;:1,&quot;sizes&quot;:[]},&quot;items_mobile&quot;:{&quot;unit&quot;:&quot;px&quot;,&quot;size&quot;:1,&quot;sizes&quot;:[]},&quot;slide_items&quot;:{&quot;unit&quot;:&quot;px&quot;,&quot;size&quot;:1,&quot;sizes&quot;:[]},&quot;slide_items_tablet&quot;:{&quot;unit&quot;:&quot;px&quot;,&quot;size&quot;:1,&quot;sizes&quot;:[]},&quot;slide_items_mobile&quot;:{&quot;unit&quot;:&quot;px&quot;,&quot;size&quot;:1,&quot;sizes&quot;:[]}}\" data-widget_type=\"eael-testimonial-slider.default\">\n\t\t\t\t<div class=\"elementor-widget-container\">\n\t\t\t\t\t\n        <div class=\"swiper-container-wrap eael-testimonial-slider content-top-icon-title-inline\" id=\"eael-testimonial-c3388e4\">\n\t\t\t            <div class=\"swiper swiper-8 eael-testimonial-slider-main swiper-container-c3388e4\" data-pagination=\".swiper-pagination-c3388e4\" data-arrow-next=\".swiper-button-next-c3388e4\" data-arrow-prev=\".swiper-button-prev-c3388e4\" data-items=\"2\" data-items-tablet=\"1\" data-items-mobile=\"1\" data-slide-items=\"1\" data-slide-items-tablet=\"1\" data-slide-items-mobile=\"1\" data-margin=\"45\" data-effect=\"slide\" data-speed=\"1000\" data-loop=\"1\" data-autoplay_speed=\"2000\">\n\n                <div class=\"swiper-wrapper\">\n\t\t\t\t\t\n\n\t\t\t\t\t\t\n\t\t\t\t\t\t\n\t\t\t\t\t\t\n\t\t\t\t\t\t\n\n\t\t\t\t\t\t                        <div class=\"eael-testimonial-item clearfix swiper-slide  eael-testimonial-align-centered\">\n                            <div class=\"eael-testimonial-item-inner clearfix\">\n                                <div class=\"eael-testimonial-content rating-five\" style=\"width: 100%; height: px;\">\n\t\t\t\t\t\t\t\t\t<span class=\"eael-testimonial-quote\"><\/span><div class=\"eael-testimonial-text \"><p>Serdecznie polecam sesje z Pani\u0105 Ew\u0105, kt\u00f3ra w kryzysie okaza\u0142a du\u017ce wsparcie i zrozumienie co nie by\u0142o proste, szybko potrafi\u0142a dostrzec z czym cz\u0142owiek sie mierzy w danej chwili, pomog\u0142a mi znale\u017a\u0107 \u017ar\u00f3d\u0142o oraz pozna\u0107 siebie, zwr\u00f3ci\u0107 uwag\u0119 na swoje potrzeby oraz wypracowa\u0107 metody radzenia sobie ze stresem. SERDECZNIE PANI DZI\u0118KUJ\u0118 ZA WSZYSTKO<\/p><\/div>                                    <div class=\"testimonial-inline-style\">\n\t\t\t\t\t\t\t\t\t\t        <p class=\"eael-testimonial-user\" >Agnieszka<\/p>\n        <p class=\"eael-testimonial-user-company\"><\/p>\n\t\t        <ul class=\"testimonial-star-rating\">\n            <li><i class=\"fa fa-star\" aria-hidden=\"true\"><\/i><\/li>\n            <li><i class=\"fa fa-star\" aria-hidden=\"true\"><\/i><\/li>\n            <li><i class=\"fa fa-star\" aria-hidden=\"true\"><\/i><\/li>\n            <li><i class=\"fa fa-star\" aria-hidden=\"true\"><\/i><\/li>\n            <li><i class=\"fa fa-star\" aria-hidden=\"true\"><\/i><\/li>\n        <\/ul>\n\t\t                                    <\/div>\n                                <\/div>\n                            <\/div>\n                        <\/div>\n\t\t\t\t\t\n\t\t\t\t\t\t\n\n\t\t\t\t\t\t\n\t\t\t\t\t\t\n\n\t\t\t\t\t\t\n\t\t\t\t\t\t\n\t\t\t\t\t\t\n\t\t\t\t\t\t\n\n\t\t\t\t\t\t                        <div class=\"eael-testimonial-item clearfix swiper-slide  eael-testimonial-align-centered\">\n                            <div class=\"eael-testimonial-item-inner clearfix\">\n                                <div class=\"eael-testimonial-content rating-five\" style=\"width: 100%; height: px;\">\n\t\t\t\t\t\t\t\t\t<span class=\"eael-testimonial-quote\"><\/span><div class=\"eael-testimonial-text \"><p>Trafi\u0142am do Pani Ewy z polecenia po kilku nieudanych pr\u00f3bach u innych terapeut\u00f3w. Pani Ewa wzbudzi\u0142a moje zaufanie (a nie by\u0142o \u0142atwo ;)). Jej rzetelno\u015b\u0107, wiedza i zaanga\u017cowanie sprawi\u0142y, \u017ce jako\u015b\u0107 \u017cycia mojego i mojej rodziny znacznie si\u0119 poprawi\u0142a. Polecam wszystkim, kt\u00f3rzy s\u0105 gotowi na pozytywne zmiany, na ulg\u0119 i wi\u0119ksze zrozumienie siebie, ale te\u017c tym, kt\u00f3rzy wahaj\u0105 si\u0119 czy psychoterapia jest \"dla nich\", lub s\u0105 w kryzysowej sytuacji. Trafi\u0105 w kompetentne i bezpieczne r\u0119ce.<\/p><\/div>                                    <div class=\"testimonial-inline-style\">\n\t\t\t\t\t\t\t\t\t\t        <p class=\"eael-testimonial-user\" >Renata<\/p>\n        <p class=\"eael-testimonial-user-company\"><\/p>\n\t\t        <ul class=\"testimonial-star-rating\">\n            <li><i class=\"fa fa-star\" aria-hidden=\"true\"><\/i><\/li>\n            <li><i class=\"fa fa-star\" aria-hidden=\"true\"><\/i><\/li>\n            <li><i class=\"fa fa-star\" aria-hidden=\"true\"><\/i><\/li>\n            <li><i class=\"fa fa-star\" aria-hidden=\"true\"><\/i><\/li>\n            <li><i class=\"fa fa-star\" aria-hidden=\"true\"><\/i><\/li>\n        <\/ul>\n\t\t                                    <\/div>\n                                <\/div>\n                            <\/div>\n                        <\/div>\n\t\t\t\t\t\n\t\t\t\t\t\t\n\n\t\t\t\t\t\t\n\t\t\t\t\t\t\n\n\t\t\t\t\t\t\n\t\t\t\t\t\t\n\t\t\t\t\t\t\n\t\t\t\t\t\t\n\n\t\t\t\t\t\t                        <div class=\"eael-testimonial-item clearfix swiper-slide  eael-testimonial-align-centered\">\n                            <div class=\"eael-testimonial-item-inner clearfix\">\n                                <div class=\"eael-testimonial-content rating-five\" style=\"width: 100%; height: px;\">\n\t\t\t\t\t\t\t\t\t<span class=\"eael-testimonial-quote\"><\/span><div class=\"eael-testimonial-text \"><p>Do pani Ewy trafi\u0142am z polecenia i nie zawiod\u0142am si\u0119. Jej empatia, spok\u00f3j i autentyczne zainteresowanie sprawi\u0142y, \u017ce podczas konsultacji czu\u0142am si\u0119 rozumiana i akceptowana. Dzi\u0119ki spotkaniom z pani\u0105 Ew\u0105 mog\u0142am lepiej zrozumie\u0107 siebie a tak\u017ce zaakceptowa\u0107 to, co wydawa\u0142o si\u0119 trudne do przyj\u0119cia. Dzi\u0119kuj\u0119 za ten czas. Bardzo bardzo polecam.<\/p><\/div>                                    <div class=\"testimonial-inline-style\">\n\t\t\t\t\t\t\t\t\t\t        <p class=\"eael-testimonial-user\" >Joanna<\/p>\n        <p class=\"eael-testimonial-user-company\"><\/p>\n\t\t        <ul class=\"testimonial-star-rating\">\n            <li><i class=\"fa fa-star\" aria-hidden=\"true\"><\/i><\/li>\n            <li><i class=\"fa fa-star\" aria-hidden=\"true\"><\/i><\/li>\n            <li><i class=\"fa fa-star\" aria-hidden=\"true\"><\/i><\/li>\n            <li><i class=\"fa fa-star\" aria-hidden=\"true\"><\/i><\/li>\n            <li><i class=\"fa fa-star\" aria-hidden=\"true\"><\/i><\/li>\n        <\/ul>\n\t\t                                    <\/div>\n                                <\/div>\n                            <\/div>\n                        <\/div>\n\t\t\t\t\t\n\t\t\t\t\t\t\n\n\t\t\t\t\t\t\n\t\t\t\t\t\t                <\/div>\n\t\t\t\t            <\/div>\n\t\t\t        <\/div>\n\n\t\t\t\t\t\t<\/div>\n\t\t\t\t<\/div>\n\t\t\t\t\t<\/div>\n\t\t<\/div>\n\t\t\t\t\t<\/div>\n\t\t<\/section>\n\t\t<div data-particle_enable=\"false\" data-particle-mobile-disabled=\"false\" class=\"elementor-element elementor-element-a7b8195 e-flex e-con-boxed e-con e-parent\" data-id=\"a7b8195\" data-element_type=\"container\" data-settings=\"{&quot;background_background&quot;:&quot;classic&quot;}\">\n\t\t\t\t\t<div class=\"e-con-inner\">\n\t\t\t\t\t<\/div>\n\t\t\t\t<\/div>\n\t\t\t\t<\/div>\n\t\t","protected":false},"excerpt":{"rendered":"<p>O Rancho 3R Pracuj\u0119 z doros\u0142ymi dzie\u0107mi i m\u0142odzie\u017c\u0105 a tak\u017ce grupami i rodzinami nad odnajdywaniem rado\u015bci i lekko\u015bci \u017cycia. Ucz\u0119 zdolno\u015bci do odzyskiwania lekko\u015bci kt\u00f3ra wynika z g\u0142\u0119bokiej akceptacji natury \u015bwiata i cz\u0142owieka, oraz w\u0142asnego losu oraz zaciekawienia tym czego do\u015bwiadcza nasze cia\u0142o w otaczaj\u0105cym nas \u015bwiecie i co le\u017cy w autentycznym zasi\u0119gu naszego [&hellip;]<\/p>\n","protected":false},"author":1,"featured_media":0,"parent":0,"menu_order":0,"comment_status":"closed","ping_status":"closed","template":"elementor_header_footer","meta":{"footnotes":""},"class_list":["post-59","page","type-page","status-publish","hentry"],"_links":{"self":[{"href":"https:\/\/ranczo3r.maciejkorzeb.pl\/index.php?rest_route=\/wp\/v2\/pages\/59","targetHints":{"allow":["GET"]}}],"collection":[{"href":"https:\/\/ranczo3r.maciejkorzeb.pl\/index.php?rest_route=\/wp\/v2\/pages"}],"about":[{"href":"https:\/\/ranczo3r.maciejkorzeb.pl\/index.php?rest_route=\/wp\/v2\/types\/page"}],"author":[{"embeddable":true,"href":"https:\/\/ranczo3r.maciejkorzeb.pl\/index.php?rest_route=\/wp\/v2\/users\/1"}],"replies":[{"embeddable":true,"href":"https:\/\/ranczo3r.maciejkorzeb.pl\/index.php?rest_route=%2Fwp%2Fv2%2Fcomments&post=59"}],"version-history":[{"count":34,"href":"https:\/\/ranczo3r.maciejkorzeb.pl\/index.php?rest_route=\/wp\/v2\/pages\/59\/revisions"}],"predecessor-version":[{"id":780,"href":"https:\/\/ranczo3r.maciejkorzeb.pl\/index.php?rest_route=\/wp\/v2\/pages\/59\/revisions\/780"}],"wp:attachment":[{"href":"https:\/\/ranczo3r.maciejkorzeb.pl\/index.php?rest_route=%2Fwp%2Fv2%2Fmedia&parent=59"}],"curies":[{"name":"wp","href":"https:\/\/api.w.org\/{rel}","templated":true}]}}